
0
What is the hundreds digit of 6049?
0
What is the hundreds digit of 23138?
1
What is the ten thousands digit of 16276?
1
What is the thousands digit of 103122?
3
What is the thousands digit of 2588?
2
What is the tens digit of 107?
0
What is the tens digit of 669?
6
What is the thousands digit of 6546?
6
What is the hundreds digit of 42107?
1
What is the thousands digit of 8551?
8
What is the units digit of 745?
5
What is the hundreds digit of 92034?
0
What is the tens digit of 3443?
4
What is the tens digit of 236?
3
What is the thousands digit of 1851?
1
What is the hundreds digit of 4550?
5
What is the tens digit of 591?
9
What is the tens digit of 4120?
2
What is the hundreds digit of 2894?
8
What is the units digit of 1823?
3
What is the thousands digit of 3205?
3
What is the ten thousands digit of 20638?
2
What is the units digit of 56184?
4
What is the hundreds digit of 3326?
3
What is the tens digit of 37824?
2
What is the tens digit of 1055?
5
What is the thousands digit of 1586?
1
What is the ten thousands digit of 21134?
2
What is the units digit of 596?
6
What is the tens digit of 295?
9
What is the units digit of 2797?
7
What is the hundreds digit of 2895?
8
What is the hundreds digit of 828?
8
What is the thousands digit of 2573?
2
What is the tens digit of 17595?
9
What is the thousands digit of 2854?
2
What is the thousands digit of 4259?
4
What is the hundreds digit of 3510?
5
What is the tens digit of 463?
6
What is the ten thousands digit of 26115?
2
What is the hundreds digit of 3131?
1
What is the tens digit of 24440?
4
What is the hundreds digit of 26824?
8
What is the tens digit of 49534?
3
What is the hundreds digit of 1509?
5
What is the units digit of 933?
3
What is the thousands digit of 97376?
7
What is the tens digit of 433?
3
What is the hundreds digit of 21796?
7
What is the units digit of 1522?
2
What is the units digit of 154601?
1
What is the thousands digit of 6408?
6
What is the thousands digit of 210967?
0
What is the units digit of 141757?
7
What is the units digit of 104534?
4
What is the hundreds digit of 1006?
0
What is the thousands digit of 33704?
3
What is the tens digit of 12604?
0
What is the units digit of 21688?
8
What is the tens digit of 556?
5
What is the hundreds digit of 5852?
8
What is the hundreds digit of 14695?
6
What is the ten thousands digit of 10125?
1
What is the hundreds digit of 575?
5
What is the units digit of 48682?
2
What is the tens digit of 221?
2
What is the tens digit of 6341?
4
What is the ten thousands digit of 31550?
3
What is the hundreds digit of 803?
8
What is the tens digit of 3358?
5
What is the units digit of 64370?
0
What is the tens digit of 1571?
7
What is the units digit of 3753?
3
What is the units digit of 260?
0
What is the units digit of 2649?
9
What is the tens digit of 5262?
6
What is the hundreds digit of 633?
6
What is the hundreds digit of 917?
9
What is the thousands digit of 2007?
2
What is the units digit of 225?
5
What is the hundreds digit of 429?
4
What is the thousands digit of 2091?
2
What is the thousands digit of 24131?
4
What is the hundreds digit of 1371?
3
What is the hundreds digit of 110145?
1
What is the thousands digit of 1116?
1
What is the thousands digit of 10696?
0
What is the ten thousands digit of 171498?
7
What is the thousands digit of 1125?
1
What is the units digit of 1330?
0
What is the hundreds digit of 9543?
5
What is the thousands digit of 8001?
8
What is the units digit of 6413?
3
What is the tens digit of 1025?
2
What is the tens digit of 1655?
5
What is the units digit of 7713?
3
What is the thousands digit of 52631?
2
What is the thousands digit of 2344?
2
What is the thousands digit of 4426?
4
What is the hundred thousands digit of 104508?
1
What is the ten thousands digit of 107767?
0
What is the hundreds digit of 28409?
4
What is the units digit of 1789?
9
What is the units digit of 3089?
9
What is the hundreds digit of 46780?
7
What is the units digit of 13?
3
What is the units digit of 990?
0
What is the tens digit of 201?
0
What is the thousands digit of 55834?
5
What is the thousands digit of 124705?
4
What is the tens digit of 70?
7
What is the units digit of 6727?
7
What is the tens digit of 2494?
9
What is the ten thousands digit of 87420?
8
What is the hundreds digit of 23179?
1
What is the tens digit of 21404?
0
What is the thousands digit of 1246?
1
What is the tens digit of 124?
2
What is the tens digit of 23310?
1
What is the units digit of 6754?
4
What is the thousands digit of 79195?
9
What is the tens digit of 315?
1
What is the thousands digit of 2851?
2
What is the hundreds digit of 1384?
3
What is the ten thousands digit of 90899?
9
What is the hundreds digit of 60512?
5
What is the tens digit of 114165?
6
What is the ten thousands digit of 10545?
1
What is the hundreds digit of 15457?
4
What is the hundreds digit of 4821?
8
What is the hundreds digit of 8662?
6
What is the tens digit of 539?
3
What is the tens digit of 5625?
2
What is the units digit of 7833?
3
What is the tens digit of 3804?
0
What is the units digit of 19099?
9
What is the tens digit of 9528?
2
What is the hundreds digit of 51357?
3
What is the hundreds digit of 6929?
9
What is the units digit of 2329?
9
What is the tens digit of 6841?
4
What is the thousands digit of 2261?
2
What is the tens digit of 38978?
7
What is the thousands digit of 1737?
1
What is the units digit of 8569?
9
What is the hundreds digit of 38300?
3
What is the hundreds digit of 7976?
9
What is the hundreds digit of 352?
3
What is the units digit of 28693?
3
What is the hundreds digit of 4668?
6
What is the units digit of 32667?
7
What is the hundreds digit of 4197?
1
What is the units digit of 6525?
5
What is the hundreds digit of 28615?
6
What is the hundreds digit of 834?
8
What is the tens digit of 24697?
9
What is the tens digit of 16336?
3
What is the units digit of 5869?
9
What is the units digit of 3111?
1
What is the tens digit of 1768?
6
What is the hundreds digit of 22560?
5
What is the tens digit of 10133?
3
What is the hundreds digit of 772?
7
What is the units digit of 5495?
5
What is the hundreds digit of 3133?
1
What is the thousands digit of 2072?
2
What is the units digit of 9482?
2
What is the tens digit of 620?
2
What is the hundreds digit of 9078?
0
What is the units digit of 27804?
4
What is the tens digit of 56?
5
What is the hundreds digit of 7165?
1
What is the thousands digit of 4530?
4
What is the thousands digit of 33911?
3
What is the thousands digit of 40187?
0
What is the thousands digit of 8190?
8
What is the hundreds digit of 990?
9
What is the ten thousands digit of 24306?
2
What is the units digit of 5426?
6
What is the hundreds digit of 2080?
0
What is the tens digit of 507?
0
What is the units digit of 66949?
9
What is the ten thousands digit of 36680?
3
What is the hundreds digit of 59583?
5
What is the hundreds digit of 325?
3
What is the hundred thousands digit of 136612?
1
What is the thousands digit of 55592?
5
What is the hundreds digit of 857?
8
What is the ten thousands digit of 17448?
1
What is the hundreds digit of 83912?
9
What is the thousands digit of 1140?
1
What is the tens digit of 3143?
4
What is the thousands digit of 1248?
1
What is the thousands digit of 75629?
5
What is the tens digit of 27635?
3
What is the hundreds digit of 623?
6
What is the ten thousands digit of 12496?
1
What is the thousands digit of 2303?
2
What is the units digit of 2175?
5
What is the hundreds digit of 608?
6
What is the ten thousands digit of 67243?
6
What is the thousands digit of 3291?
3
What is the thousands digit of 6354?
6
What is the hundreds digit of 1346?
3
What is the tens digit of 2748?
4
What is the hundreds digit of 4031?
0
What is the hundreds digit of 5635?
6
What is the hundreds digit of 105294?
2
What is the thousands digit of 6683?
6
What is the hundreds digit of 559?
5
What is the tens digit of 9585?
8
What is the tens digit of 782?
8
What is the thousands digit of 13035?
3
What is the tens digit of 524?
2
What is the thousands digit of 43644?
3
What is the hundred thousands digit of 105499?
1
What is the tens digit of 349?
4
What is the tens digit of 789?
8
What is the hundreds digit of 3970?
9
